{"id":234,"date":"2016-09-03T17:51:32","date_gmt":"2016-09-03T16:51:32","guid":{"rendered":"http:\/\/annicklonguetart.com\/?page_id=234"},"modified":"2025-08-29T21:28:54","modified_gmt":"2025-08-29T20:28:54","slug":"cours-dessin-et-peinture-cours-manga","status":"publish","type":"page","link":"https:\/\/annicklonguetart.com\/?page_id=234","title":{"rendered":"Cours"},"content":{"rendered":"\n<h2 id=\"cours-adulte\"><font color=\"ff6900\"> <\/font><center><font color=\"ff6900\"> <span style=\"text-decoration: underline;\">COURS ADULTE<\/span><\/font><\/center><\/h2>\n\n\n\n<div style=\"height:28px\" aria-hidden=\"true\" class=\"wp-block-spacer\"><\/div>\n\n\n\n<p class=\"has-text-align-left has-text-color\" style=\"color:#9d79bf;font-size:16px;font-style:normal;font-weight:300\">COURS DE PEINTURE ADULTE : UNE PRATIQUE ARTISTIQUE COMPL\u00c8TE QUI S&rsquo;ADAPTE AUX OBJECTIFS ET AUX D\u00c9SIRS DE CHACUN.<\/p>\n\n\n\n<div style=\"height:15px\" aria-hidden=\"true\" class=\"wp-block-spacer\"><\/div>\n\n\n\n<div class=\"wp-block-image is-style-default\"><figure class=\"alignleft size-medium is-resized\"><img loading=\"lazy\" src=\"https:\/\/i2.wp.com\/annicklonguetart.com\/wp-content\/uploads\/2016\/09\/tassia-canape\u0301.jpg?fit=300%2C224\" alt=\"Tassia portrait de l'artiste Annick Longuet professeur des cours peinture  adulte de l'\u00e9cole d'art nimes\" class=\"wp-image-401\" width=\"404\" height=\"302\" srcset=\"https:\/\/i0.wp.com\/annicklonguetart.com\/wp-content\/uploads\/2016\/09\/tassia-canape\u0301.jpg?w=4755&amp;ssl=1 4755w, https:\/\/i0.wp.com\/annicklonguetart.com\/wp-content\/uploads\/2016\/09\/tassia-canape\u0301.jpg?resize=300%2C224&amp;ssl=1 300w, https:\/\/i0.wp.com\/annicklonguetart.com\/wp-content\/uploads\/2016\/09\/tassia-canape\u0301.jpg?resize=768%2C573&amp;ssl=1 768w, https:\/\/i0.wp.com\/annicklonguetart.com\/wp-content\/uploads\/2016\/09\/tassia-canape\u0301.jpg?resize=1024%2C764&amp;ssl=1 1024w, https:\/\/i0.wp.com\/annicklonguetart.com\/wp-content\/uploads\/2016\/09\/tassia-canape\u0301.jpg?resize=800%2C600&amp;ssl=1 800w, https:\/\/i0.wp.com\/annicklonguetart.com\/wp-content\/uploads\/2016\/09\/tassia-canape\u0301.jpg?resize=700%2C522&amp;ssl=1 700w, https:\/\/i0.wp.com\/annicklonguetart.com\/wp-content\/uploads\/2016\/09\/tassia-canape\u0301.jpg?w=2120&amp;ssl=1 2120w, https:\/\/i0.wp.com\/annicklonguetart.com\/wp-content\/uploads\/2016\/09\/tassia-canape\u0301.jpg?w=3180&amp;ssl=1 3180w\" sizes=\"(max-width: 404px) 100vw, 404px\" \/><\/figure><\/div>\n\n\n\n<ul class=\"has-text-color\" style=\"color:#4d4b4b;font-size:16px\"><li>Les cours de <strong>dessin <\/strong>et<strong>&nbsp;peinture<\/strong>&nbsp;sont accessibles pour <strong>TOUS LES NIVEAUX<\/strong> :&nbsp;<strong>d\u00e9butants et exp\u00e9riment\u00e9s.<\/strong><\/li><\/ul>\n\n\n\n\n\n<ul class=\"has-text-color\" style=\"color:#4d4b4b;font-size:16px\"><li>Les cours pour les adultes sont dispens\u00e9s par la cr\u00e9atrice de l&rsquo;\u00e9cole <a href=\"http:\/\/annicklonguet.ultra-book.com\/accueil#filter-*\"><strong>Annick Longuet<\/strong>&nbsp;<\/a>.<strong> &nbsp;<\/strong><\/li><\/ul>\n\n\n\n<ul class=\"has-text-color\" style=\"color:#4d4b4b;font-size:16px\"><li>Le travail est abord\u00e9 de mani\u00e8re<strong> classique et acad\u00e9mique&nbsp;ou cr\u00e9ative<\/strong>&nbsp;avec des <strong>collages<\/strong>, des&nbsp;<strong>recherches <\/strong>sur la<strong> mati\u00e8re,<\/strong>&nbsp;la <strong>transparence<\/strong>&nbsp;ou encore le&nbsp;<strong>travail de l\u2019abstrait<\/strong>. &nbsp; &nbsp;<\/li><\/ul>\n\n\n<p>&nbsp;<\/p>\n\n\n<ul class=\"has-text-color\" style=\"color:#4d4b4b;font-size:16px\"><li><strong>Sont abord\u00e9es TOUTES LES TECHNIQUES DE DESSIN&nbsp;:&nbsp;<\/strong>dessin d\u2019observation, perspective, objet, nature morte, paysage, volumes et ombres,&nbsp;ainsi que&nbsp;<strong>TOUTES LES TECHNIQUES DE PEINTURE&nbsp;<\/strong>: aquarelle, acrylique, huile, encre, pastel\u2026 sur des supports vari\u00e9s !<\/li><\/ul>\n\n\n\n\n\n<ul class=\"has-text-color\" style=\"color:#4d4b4b;font-size:16px\"><li><strong>L&rsquo;atelier poss\u00e8de une grande biblioth\u00e8que de livres d&rsquo;art !&nbsp;<\/strong><\/li><\/ul>\n\n\n\n<p class=\"has-text-color\" style=\"color:#4d4b4b;font-size:16px\"><strong>Tout le mat\u00e9riel est mis \u00e0 votre disposition \u00e0 l&rsquo;atelier, mediums comme supports !&nbsp;<\/strong><\/p>\n\n\n\n<div style=\"height:30px\" aria-hidden=\"true\" class=\"wp-block-spacer\"><\/div>\n\n\n<h4 style=\"text-align: left;\"><span style=\"color: #9d79bf;\">NOUS TRAVAILLONS DANS DES DOMAINES VARI\u00c9S<\/span><\/h4>\n<p>\u00a0<\/p>\n<p><!-- \/wp:heading --><\/p>\n<p><!-- wp:paragraph {\"style\":{\"color\":{\"text\":\"#4d4b4b\"}}} --><\/p>\n<p class=\"has-text-color\" style=\"color: #4d4b4b;\"><strong><span style=\"color: ff6900;\">L&rsquo;\u00c9tude du corps<\/span><\/strong> : structure, proportions, mouvement\u2026<br \/><strong><span style=\"color: ff6900;\">L&rsquo;\u00c9tude du portrait<\/span><\/strong> avec diff\u00e9rentes techniques : huile, pastel, crayon, aquarelle<\/p>\n<p><!-- \/wp:paragraph --><\/p>\n<p><!-- \/wp:spacer --><\/p>\n<p><!-- wp:paragraph {\"style\":{\"color\":{\"text\":\"#4d4b4b\"}}} --><\/p>\n<p class=\"has-text-color\" style=\"color: #4d4b4b;\"><span style=\"color: ff6900;\"><strong><span style=\"color: ff6900;\"><span style=\"color: ff6900;\">Les techniques de dessins<\/span><\/span><\/strong><\/span> en volumes, en perpectives, les ombres&#8230;<br \/><span style=\"color: ff6900;\"><strong><span style=\"color: ff6900;\"><span style=\"color: ff6900;\">La copie de grands ma\u00eetres anciens et contemporains<\/span><\/span><\/strong><\/span> : de mani\u00e8re fid\u00e8le ou interpr\u00e9tative,<br \/>pour les mod\u00e8les un grand choix est permis gr\u00e2ce \u00e0 la\u00a0biblioth\u00e8que\u00a0d&rsquo;art de l&rsquo;atelier !<\/p>\n<p><!-- wp:paragraph {\"style\":{\"color\":{\"text\":\"#4d4b4b\"}}} --><\/p>\n<p class=\"has-text-color\" style=\"color: #4d4b4b;\"><strong><span style=\"color: ff6900;\"><span style=\"color: ff6900;\">L&rsquo;\u00e9tude du dessin d&rsquo;Architecture<\/span> <\/span><\/strong> urbain et paysag\u00e9 ou du design d&rsquo;objets<\/p>\n<p class=\"has-text-color\" style=\"color: #4d4b4b; font-size: 16px;\"><strong><span style=\"color: ff6900;\"><span style=\"color: ff6900;\">Le travail de l&rsquo;abstraction<\/span><\/span><\/strong>: recherche sur la couleur, la transparence, la mati\u00e8re, la composition&#8230;<\/p>\n<p>\u00a0<\/p>\n<p><!-- \/wp:paragraph --><\/p>\n<p><!-- wp:spacer {\"height\":15} --><\/p>\n<p><!-- \/wp:spacer --><\/p>\n<p><!-- wp:spacer {\"height\":15} --><\/p>\n<p><!-- \/wp:spacer --><\/p>\n<p><!-- wp:paragraph {\"textColor\":\"luminous-vivid-orange\"} --><\/p>\n<p><!-- \/wp:paragraph --><\/p>\n<p><!-- wp:spacer {\"height\":15} --><\/p>\n<p><!-- \/wp:spacer --><\/p>\n<p><!-- wp:spacer {\"height\":15} --><\/p>\n<p><!-- \/wp:spacer --><\/p>\n<p><!-- wp:image {\"id\":788,\"width\":840,\"height\":279,\"sizeSlug\":\"large\",\"linkDestination\":\"none\"} --><\/p>\n<figure class=\"wp-block-image size-large is-resized\"><img loading=\"lazy\" class=\"aligncenter wp-image-1162 size-full\" src=\"https:\/\/i0.wp.com\/annicklonguetart.com\/wp-content\/uploads\/2023\/08\/MERCREDI-1.png?resize=1060%2C353&#038;ssl=1\" alt=\"\" width=\"1060\" height=\"353\" srcset=\"https:\/\/i0.wp.com\/annicklonguetart.com\/wp-content\/uploads\/2023\/08\/MERCREDI-1.png?w=1500&amp;ssl=1 1500w, https:\/\/i0.wp.com\/annicklonguetart.com\/wp-content\/uploads\/2023\/08\/MERCREDI-1.png?resize=300%2C100&amp;ssl=1 300w, https:\/\/i0.wp.com\/annicklonguetart.com\/wp-content\/uploads\/2023\/08\/MERCREDI-1.png?resize=1024%2C341&amp;ssl=1 1024w, https:\/\/i0.wp.com\/annicklonguetart.com\/wp-content\/uploads\/2023\/08\/MERCREDI-1.png?resize=768%2C256&amp;ssl=1 768w, https:\/\/i0.wp.com\/annicklonguetart.com\/wp-content\/uploads\/2023\/08\/MERCREDI-1.png?resize=700%2C233&amp;ssl=1 700w\" sizes=\"(max-width: 1060px) 100vw, 1060px\" data-recalc-dims=\"1\" \/><\/figure>\n<p><!-- \/wp:image --><\/p>\n<p><!-- wp:paragraph {\"textColor\":\"luminous-vivid-orange\"} --><\/p>\n<p class=\"has-luminous-vivid-orange-color has-text-color\"><strong>Des <a href=\"https:\/\/annicklonguetart.com\/index.php\/stages\/\">STAGES<\/a><\/strong>\u00a0<strong>sont ouverts toute l&rsquo;ann\u00e9e \u00a0et<\/strong><strong>\u00a0s&rsquo;adaptent \u00e0 la demande de chacun<\/strong> :<\/p>\n<p><!-- \/wp:paragraph --><\/p>\n<p><!-- wp:paragraph --><\/p>\n<p>\u00a0<\/p>\n<p><span style=\"color: ff6900;\"><span style=\"color: #4d4b4b;\">Nous proposons des stages de d\u00e9couverte ou encore des stages aux objectifs professionnels, des dossiers pour la pr\u00e9paration aux concours des grandes \u00c9coles comme les Beaux Arts,<br \/>des dossiers d&rsquo;arts appliqu\u00e9s ou des formations de remises \u00e0 niveaux en arts plastiques&#8230; !<\/span><\/span><\/p>\n<p><!-- \/wp:paragraph --><\/p>\n<p><!-- wp:spacer {\"height\":15} --><\/p>\n<div class=\"wp-block-spacer\" style=\"height: 15px;\" aria-hidden=\"true\">\u00a0<\/div>\n<p><!-- \/wp:spacer --><\/p>\n<p><!-- wp:heading {\"level\":3} --><\/p>\n<h3 id=\"renseignement-par-telephone-au-0687088682\"><strong>RENSEIGNEMENTS PAR T\u00c9L\u00c9PHONE AU :\u00a0<a href=\"tel:+33687088682\" target=\"_blank\" rel=\"noreferrer noopener\" data-type=\"tel\" data-id=\"tel:+33687088682\"> 06.87.08.86.82<\/a><\/strong><\/h3>\n<p><!-- \/wp:heading --><\/p>\n<div style=\"max-width: 900px;\">\n<h2 id=\"children\" style=\"text-align: center;\">\u00a0<\/h2>\n<\/div>","protected":false},"excerpt":{"rendered":"<p>COURS ADULTE COURS DE PEINTURE ADULTE : UNE PRATIQUE ARTISTIQUE COMPL\u00c8TE QUI S&rsquo;ADAPTE AUX OBJECTIFS ET AUX D\u00c9SIRS DE CHACUN. Les cours de dessin et&nbsp;peinture&nbsp;sont accessibles pour TOUS LES NIVEAUX :&nbsp;d\u00e9butants et exp\u00e9riment\u00e9s. Les cours pour les adultes sont dispens\u00e9s par la cr\u00e9atrice de l&rsquo;\u00e9cole&#8230;<\/p>\n","protected":false},"author":1,"featured_media":0,"parent":0,"menu_order":0,"comment_status":"closed","ping_status":"closed","template":"","meta":{"_uag_custom_page_level_css":"","jetpack_post_was_ever_published":true},"yoast_head":"<!-- This site is optimized with the Yoast SEO plugin v19.13 - https:\/\/yoast.com\/wordpress\/plugins\/seo\/ -->\n<title>Cours de dessin et de peinture, arts appliqu\u00e9s, d\u00e9butant et exp\u00e9riment\u00e9<\/title>\n<meta name=\"description\" content=\"Les cours de dessin et peinture adultes sont accessibles aux d\u00e9butantes comme aux personnes exp\u00e9riment\u00e9es. Les cours pour enfants de dessin et peinture sont\" \/>\n<meta name=\"robots\" content=\"index, follow, max-snippet:-1, max-image-preview:large, max-video-preview:-1\" \/>\n<link rel=\"canonical\" href=\"https:\/\/annicklonguetart.com\/?page_id=234\" \/>\n<meta property=\"og:locale\" content=\"fr_FR\" \/>\n<meta property=\"og:type\" content=\"article\" \/>\n<meta property=\"og:title\" content=\"Cours de dessin et de peinture, arts appliqu\u00e9s, d\u00e9butant et exp\u00e9riment\u00e9\" \/>\n<meta property=\"og:description\" content=\"Les cours de dessin et peinture adultes sont accessibles aux d\u00e9butantes comme aux personnes exp\u00e9riment\u00e9es. Les cours pour enfants de dessin et peinture sont\" \/>\n<meta property=\"og:url\" content=\"https:\/\/annicklonguetart.com\/?page_id=234\" \/>\n<meta property=\"og:site_name\" content=\"Le Regard, \u00e9cole de dessin et peinture\" \/>\n<meta property=\"article:modified_time\" content=\"2025-08-29T20:28:54+00:00\" \/>\n<meta property=\"og:image\" content=\"https:\/\/annicklonguetart.com\/wp-content\/uploads\/2023\/08\/MERCREDI-1.png\" \/>\n<meta name=\"twitter:card\" content=\"summary_large_image\" \/>\n<meta name=\"twitter:label1\" content=\"Dur\u00e9e de lecture estim\u00e9e\" \/>\n\t<meta name=\"twitter:data1\" content=\"2 minutes\" \/>\n<script type=\"application\/ld+json\" class=\"yoast-schema-graph\">{\"@context\":\"https:\/\/schema.org\",\"@graph\":[{\"@type\":\"WebPage\",\"@id\":\"https:\/\/annicklonguetart.com\/?page_id=234\",\"url\":\"https:\/\/annicklonguetart.com\/?page_id=234\",\"name\":\"Cours de dessin et de peinture, arts appliqu\u00e9s, d\u00e9butant et exp\u00e9riment\u00e9\",\"isPartOf\":{\"@id\":\"https:\/\/annicklonguetart.com\/#website\"},\"datePublished\":\"2016-09-03T16:51:32+00:00\",\"dateModified\":\"2025-08-29T20:28:54+00:00\",\"description\":\"Les cours de dessin et peinture adultes sont accessibles aux d\u00e9butantes comme aux personnes exp\u00e9riment\u00e9es. Les cours pour enfants de dessin et peinture sont\",\"breadcrumb\":{\"@id\":\"https:\/\/annicklonguetart.com\/?page_id=234#breadcrumb\"},\"inLanguage\":\"fr-FR\",\"potentialAction\":[{\"@type\":\"ReadAction\",\"target\":[\"https:\/\/annicklonguetart.com\/?page_id=234\"]}]},{\"@type\":\"BreadcrumbList\",\"@id\":\"https:\/\/annicklonguetart.com\/?page_id=234#breadcrumb\",\"itemListElement\":[{\"@type\":\"ListItem\",\"position\":1,\"name\":\"Accueil\",\"item\":\"https:\/\/annicklonguetart.com\/\"},{\"@type\":\"ListItem\",\"position\":2,\"name\":\"Cours\"}]},{\"@type\":\"WebSite\",\"@id\":\"https:\/\/annicklonguetart.com\/#website\",\"url\":\"https:\/\/annicklonguetart.com\/\",\"name\":\"Le Regard, \u00e9cole de dessin et peinture\",\"description\":\"Le Regard, \u00e9cole d&#039;art \u00e0 N\u00eemes, peinture, dessin, travaux cr\u00e9atifs\",\"publisher\":{\"@id\":\"https:\/\/annicklonguetart.com\/#organization\"},\"potentialAction\":[{\"@type\":\"SearchAction\",\"target\":{\"@type\":\"EntryPoint\",\"urlTemplate\":\"https:\/\/annicklonguetart.com\/?s={search_term_string}\"},\"query-input\":\"required name=search_term_string\"}],\"inLanguage\":\"fr-FR\"},{\"@type\":\"Organization\",\"@id\":\"https:\/\/annicklonguetart.com\/#organization\",\"name\":\"Le Regard\",\"url\":\"https:\/\/annicklonguetart.com\/\",\"logo\":{\"@type\":\"ImageObject\",\"inLanguage\":\"fr-FR\",\"@id\":\"https:\/\/annicklonguetart.com\/#\/schema\/logo\/image\/\",\"url\":\"https:\/\/i0.wp.com\/annicklonguetart.com\/wp-content\/uploads\/2016\/04\/logo.png?fit=250%2C54&ssl=1\",\"contentUrl\":\"https:\/\/i0.wp.com\/annicklonguetart.com\/wp-content\/uploads\/2016\/04\/logo.png?fit=250%2C54&ssl=1\",\"width\":250,\"height\":54,\"caption\":\"Le Regard\"},\"image\":{\"@id\":\"https:\/\/annicklonguetart.com\/#\/schema\/logo\/image\/\"}}]}<\/script>\n<!-- \/ Yoast SEO plugin. -->","yoast_head_json":{"title":"Cours de dessin et de peinture, arts appliqu\u00e9s, d\u00e9butant et exp\u00e9riment\u00e9","description":"Les cours de dessin et peinture adultes sont accessibles aux d\u00e9butantes comme aux personnes exp\u00e9riment\u00e9es. Les cours pour enfants de dessin et peinture sont","robots":{"index":"index","follow":"follow","max-snippet":"max-snippet:-1","max-image-preview":"max-image-preview:large","max-video-preview":"max-video-preview:-1"},"canonical":"https:\/\/annicklonguetart.com\/?page_id=234","og_locale":"fr_FR","og_type":"article","og_title":"Cours de dessin et de peinture, arts appliqu\u00e9s, d\u00e9butant et exp\u00e9riment\u00e9","og_description":"Les cours de dessin et peinture adultes sont accessibles aux d\u00e9butantes comme aux personnes exp\u00e9riment\u00e9es. Les cours pour enfants de dessin et peinture sont","og_url":"https:\/\/annicklonguetart.com\/?page_id=234","og_site_name":"Le Regard, \u00e9cole de dessin et peinture","article_modified_time":"2025-08-29T20:28:54+00:00","og_image":[{"url":"https:\/\/annicklonguetart.com\/wp-content\/uploads\/2023\/08\/MERCREDI-1.png"}],"twitter_card":"summary_large_image","twitter_misc":{"Dur\u00e9e de lecture estim\u00e9e":"2 minutes"},"schema":{"@context":"https:\/\/schema.org","@graph":[{"@type":"WebPage","@id":"https:\/\/annicklonguetart.com\/?page_id=234","url":"https:\/\/annicklonguetart.com\/?page_id=234","name":"Cours de dessin et de peinture, arts appliqu\u00e9s, d\u00e9butant et exp\u00e9riment\u00e9","isPartOf":{"@id":"https:\/\/annicklonguetart.com\/#website"},"datePublished":"2016-09-03T16:51:32+00:00","dateModified":"2025-08-29T20:28:54+00:00","description":"Les cours de dessin et peinture adultes sont accessibles aux d\u00e9butantes comme aux personnes exp\u00e9riment\u00e9es. Les cours pour enfants de dessin et peinture sont","breadcrumb":{"@id":"https:\/\/annicklonguetart.com\/?page_id=234#breadcrumb"},"inLanguage":"fr-FR","potentialAction":[{"@type":"ReadAction","target":["https:\/\/annicklonguetart.com\/?page_id=234"]}]},{"@type":"BreadcrumbList","@id":"https:\/\/annicklonguetart.com\/?page_id=234#breadcrumb","itemListElement":[{"@type":"ListItem","position":1,"name":"Accueil","item":"https:\/\/annicklonguetart.com\/"},{"@type":"ListItem","position":2,"name":"Cours"}]},{"@type":"WebSite","@id":"https:\/\/annicklonguetart.com\/#website","url":"https:\/\/annicklonguetart.com\/","name":"Le Regard, \u00e9cole de dessin et peinture","description":"Le Regard, \u00e9cole d&#039;art \u00e0 N\u00eemes, peinture, dessin, travaux cr\u00e9atifs","publisher":{"@id":"https:\/\/annicklonguetart.com\/#organization"},"potentialAction":[{"@type":"SearchAction","target":{"@type":"EntryPoint","urlTemplate":"https:\/\/annicklonguetart.com\/?s={search_term_string}"},"query-input":"required name=search_term_string"}],"inLanguage":"fr-FR"},{"@type":"Organization","@id":"https:\/\/annicklonguetart.com\/#organization","name":"Le Regard","url":"https:\/\/annicklonguetart.com\/","logo":{"@type":"ImageObject","inLanguage":"fr-FR","@id":"https:\/\/annicklonguetart.com\/#\/schema\/logo\/image\/","url":"https:\/\/i0.wp.com\/annicklonguetart.com\/wp-content\/uploads\/2016\/04\/logo.png?fit=250%2C54&ssl=1","contentUrl":"https:\/\/i0.wp.com\/annicklonguetart.com\/wp-content\/uploads\/2016\/04\/logo.png?fit=250%2C54&ssl=1","width":250,"height":54,"caption":"Le Regard"},"image":{"@id":"https:\/\/annicklonguetart.com\/#\/schema\/logo\/image\/"}}]}},"uagb_featured_image_src":{"full":false,"thumbnail":false,"medium":false,"medium_large":false,"large":false,"1536x1536":false,"2048x2048":false,"portfolio-square":false,"portfolio-portrait":false,"portfolio-landscape":false,"menu-featured-post":false,"supra-carousel_slider":false,"portfolio_slider":false,"portfolio_masonry_regular":false,"portfolio_masonry_wide":false,"portfolio_masonry_tall":false,"portfolio_masonry_large":false,"portfolio_masonry_with_space":false,"latest_post_boxes":false},"uagb_author_info":{"display_name":"admin1268","author_link":"https:\/\/annicklonguetart.com\/?author=1"},"uagb_comment_info":0,"uagb_excerpt":"COURS ADULTE COURS DE PEINTURE ADULTE : UNE PRATIQUE ARTISTIQUE COMPL\u00c8TE QUI S&rsquo;ADAPTE AUX OBJECTIFS ET AUX D\u00c9SIRS DE CHACUN. Les cours de dessin et&nbsp;peinture&nbsp;sont accessibles pour TOUS LES NIVEAUX :&nbsp;d\u00e9butants et exp\u00e9riment\u00e9s. Les cours pour les adultes sont dispens\u00e9s par la cr\u00e9atrice de l&rsquo;\u00e9cole...","jetpack_sharing_enabled":true,"jetpack_shortlink":"https:\/\/wp.me\/Pab7YV-3M","_links":{"self":[{"href":"https:\/\/annicklonguetart.com\/index.php?rest_route=\/wp\/v2\/pages\/234"}],"collection":[{"href":"https:\/\/annicklonguetart.com\/index.php?rest_route=\/wp\/v2\/pages"}],"about":[{"href":"https:\/\/annicklonguetart.com\/index.php?rest_route=\/wp\/v2\/types\/page"}],"author":[{"embeddable":true,"href":"https:\/\/annicklonguetart.com\/index.php?rest_route=\/wp\/v2\/users\/1"}],"replies":[{"embeddable":true,"href":"https:\/\/annicklonguetart.com\/index.php?rest_route=%2Fwp%2Fv2%2Fcomments&post=234"}],"version-history":[{"count":132,"href":"https:\/\/annicklonguetart.com\/index.php?rest_route=\/wp\/v2\/pages\/234\/revisions"}],"predecessor-version":[{"id":1303,"href":"https:\/\/annicklonguetart.com\/index.php?rest_route=\/wp\/v2\/pages\/234\/revisions\/1303"}],"wp:attachment":[{"href":"https:\/\/annicklonguetart.com\/index.php?rest_route=%2Fwp%2Fv2%2Fmedia&parent=234"}],"curies":[{"name":"wp","href":"https:\/\/api.w.org\/{rel}","templated":true}]}}