{"id":73,"date":"2016-06-16T15:51:41","date_gmt":"2016-06-16T14:51:41","guid":{"rendered":"http:\/\/annicklonguetart.com\/?page_id=73"},"modified":"2022-01-27T14:33:24","modified_gmt":"2022-01-27T13:33:24","slug":"stages","status":"publish","type":"page","link":"https:\/\/annicklonguetart.com\/?page_id=73","title":{"rendered":"Stages"},"content":{"rendered":"<div    class=\"vc_row wpb_row section vc_row-fluid\" style=' text-align:left;'><div class=\" full_section_inner clearfix\"><div class=\"wpb_column vc_column_container vc_col-sm-12\"><div class=\"wpb_wrapper\">\n\t<div class=\"wpb_text_column wpb_content_element \">\n\t\t<div class=\"wpb_wrapper\">\n\t\t\t<h2 id=\"stage_en_C\u00e9vennes\" style=\"text-align: center;\"><span style=\"color: #21cf21;\"><strong><i>LE<span style=\"color: #21cf21;\">S ST<\/span>AGES DE L&rsquo;\u00c9COLE D&rsquo;ART<\/i><\/strong><\/span><\/h2>\n<p>&nbsp;<\/p>\n<p><span style=\"color: #4e4f4f;\">Des stages vous sont propos\u00e9s par l&rsquo;\u00c9cole d&rsquo;Art tout au long de l&rsquo;ann\u00e9e. Certains en pleine nature, comme un\u00a0<strong><em>Stage en C\u00e9vennes<\/em>\u00a0durant les vacances scolaire, ou encore,<\/strong><strong><em>\u00a0un Stage dans Les\u00a0Alpes <\/em><\/strong><em>lors<\/em> <em>de<\/em>s grandes vacances d&rsquo;\u00e9t\u00e9. Enfin, des s<b>tages vous sont propos\u00e9s t<\/b><b>out au long l&rsquo;ann\u00e9e dans l&rsquo;atelier d&rsquo;art \u00e0 N\u00eemes.<\/b>\u00a0<\/span><\/p>\n<p>&nbsp;<\/p>\n<h4 style=\"text-align: left;\"><\/h4>\n<h2 id=\"ann\u00e9e_scolaire\" style=\"text-align: left;\"><strong><em><span style=\"color: #21cf21;\"><span style=\"color: #4e4f4f;\">STAGE DANS L&rsquo;ANN\u00c9E SCOLAIRE<\/span><\/span><\/em><\/strong><\/h2>\n<p style=\"text-align: left;\"><strong style=\"color: #21cf21;\">Des stages de quelques jours ou plus sont disponibles tout au long de l&rsquo;ann\u00e9e scolaire.<\/strong><\/p>\n<p><img loading=\"lazy\" class=\"alignleft wp-image-200\" src=\"https:\/\/i0.wp.com\/annicklonguetart.com\/wp-content\/uploads\/2016\/09\/monaco-stage-\u00e9t\u00e9.jpg?resize=598%2C405&#038;ssl=1\" alt=\"monaco stage \u00e9t\u00e9\" width=\"598\" height=\"405\" srcset=\"https:\/\/i0.wp.com\/annicklonguetart.com\/wp-content\/uploads\/2016\/09\/monaco-stage-\u00e9t\u00e9.jpg?w=744&amp;ssl=1 744w, https:\/\/i0.wp.com\/annicklonguetart.com\/wp-content\/uploads\/2016\/09\/monaco-stage-\u00e9t\u00e9.jpg?resize=300%2C203&amp;ssl=1 300w, https:\/\/i0.wp.com\/annicklonguetart.com\/wp-content\/uploads\/2016\/09\/monaco-stage-\u00e9t\u00e9.jpg?resize=700%2C474&amp;ssl=1 700w\" sizes=\"(max-width: 598px) 100vw, 598px\" data-recalc-dims=\"1\" \/><\/p>\n<p><strong><span style=\"color: #21cf21;\">FAIRE UN STAGE DANS L&rsquo;ATELIER D&rsquo;ART \u00c0 TOUT MOMENT C&rsquo;EST POSSIBLE<\/span><\/strong><\/p>\n<p>&nbsp;<\/p>\n<p><span style=\"color: #4e4f4f;\">-&gt; Pour toutes et tous, d\u00e9butant comme exp\u00e9riment\u00e9, dans un but de d\u00e9couvertes comme de perfectionnement, demander un stage d&rsquo;art :\u00a0<\/span><\/p>\n<p>&nbsp;<\/p>\n<p><span style=\"color: #4e4f4f;\"><strong>Les Stages Adultes<\/strong> sont multiples et peuvent prendre des formes diff\u00e9rentes : apprentissage de la technique \u00e0 l&rsquo;huile, du dessin acad\u00e9mique, d\u00e9velopper sa cr\u00e9ativit\u00e9, la professeur Annick Longuet r\u00e9pond aux besoins et aux aspirations des \u00e9l\u00e8ves.<\/span><\/p>\n<p>&nbsp;<\/p>\n<p><span style=\"color: #4e4f4f;\"><strong>Les Stages pour \u00c9tudiants en Art<\/strong> ou futurs \u00c9tudiants en Arts sont propos\u00e9s tout au long de l&rsquo;ann\u00e9e. Ces stages dans l&rsquo;ann\u00e9e sont \u00e0 la demande. Nous proposons des stages individuels de perfectionnement et de pr\u00e9paration aux concours pour les grandes \u00e9coles.<\/span><\/p>\n<p>&nbsp;<\/p>\n<p><span style=\"color: #4e4f4f;\"><strong>Les stages enfants<\/strong> sont tr\u00e8s diversifi\u00e9s. Il est propos\u00e9 un grand nombre de pratiques artistiques que l&rsquo;enfant pourra exp\u00e9rimenter. Passant de l&rsquo;apprentissage\u00a0 \u00e0 la peinture avec la d\u00e9couverte des couleurs et de leur utilisation. \u00c0 l&rsquo;apprentissage des bases en dessin jusqu&rsquo;\u00e0 celui du dessin de manga et dessin de BD. Enfin, des ateliers cr\u00e9atifs pour d\u00e9velopper l&rsquo;imaginaire de l&rsquo;enfant ainsi que des ateliers de sculptures en bandes de pl\u00e2tre et de modelage en argile,.\u00a0<\/span><\/p>\n<p>&nbsp;<\/p>\n<p><strong><span style=\"color: #4e4f4f;\">Lors de votre stage d&rsquo;art, tous le mat\u00e9riel est fourni: aquarelle, encre, brou de noix, gouache, acrylique, huile, pigment, vernis, pastel, posca&#8230; ainsi que diff\u00e9rents supports.<\/span><\/strong><\/p>\n<p>&nbsp;<\/p>\n<p><span style=\"color: #4e4f4f;\">Pour toute demande et plus de renseignements sur les stages contacter Annick Longuet au\u00a0<a href=\"http:\/\/0687088682\">0687088682<\/a>\u00a0<\/span><\/p>\n<h2><\/h2>\n<h2><\/h2>\n<p>&nbsp;<\/p>\n<p>&nbsp;<\/p>\n<h2><\/h2>\n<h2><strong><em><span style=\"color: #4e4f4f;\">STAGE EN PLEINE NATURE\u00a0<\/span><span style=\"font-size: 16px;\">\u00a0<\/span><\/em><\/strong><\/h2>\n<p><strong><span style=\"color: #21cf21;\">Stage d&rsquo;observation en C\u00e9vennes et dans les Alpes<\/span><\/strong><\/p>\n<p><span style=\"color: #737373;\"><img loading=\"lazy\" class=\"wp-image-204 alignleft\" src=\"https:\/\/i0.wp.com\/annicklonguetart.com\/wp-content\/uploads\/2016\/09\/stage-\u00e9t\u00e9-aquarelle-nature-torrent.jpg?resize=597%2C408&#038;ssl=1\" alt=\"stage \u00e9t\u00e9 aquarelle nature torrent\" width=\"597\" height=\"408\" srcset=\"https:\/\/i0.wp.com\/annicklonguetart.com\/wp-content\/uploads\/2016\/09\/stage-\u00e9t\u00e9-aquarelle-nature-torrent.jpg?w=840&amp;ssl=1 840w, https:\/\/i0.wp.com\/annicklonguetart.com\/wp-content\/uploads\/2016\/09\/stage-\u00e9t\u00e9-aquarelle-nature-torrent.jpg?resize=300%2C205&amp;ssl=1 300w, https:\/\/i0.wp.com\/annicklonguetart.com\/wp-content\/uploads\/2016\/09\/stage-\u00e9t\u00e9-aquarelle-nature-torrent.jpg?resize=768%2C526&amp;ssl=1 768w, https:\/\/i0.wp.com\/annicklonguetart.com\/wp-content\/uploads\/2016\/09\/stage-\u00e9t\u00e9-aquarelle-nature-torrent.jpg?resize=700%2C479&amp;ssl=1 700w\" sizes=\"(max-width: 597px) 100vw, 597px\" data-recalc-dims=\"1\" \/><\/span><\/p>\n<p><strong>Le stage en C\u00e9vennes se d\u00e9roule sur trois jours en Juin. Le stage dans les Alpes d&rsquo;une semaine \u00e0 lieu en juillet.<\/strong><\/p>\n<p>Le stage se compose de dessin d&rsquo;observation en pleine nature. Nous utilisons ensuite diff\u00e9rents avec l&rsquo;utilisation de diff\u00e9rents m\u00e9dium, aquarelle, gouaches et parfois peinture \u00e0 l&rsquo;huile.<\/p>\n<p>&nbsp;<\/p>\n<p>&nbsp;<\/p>\n<h4><\/h4>\n<h4><img loading=\"lazy\" class=\"wp-image-207 alignnone\" src=\"https:\/\/i0.wp.com\/annicklonguetart.com\/wp-content\/uploads\/2016\/09\/MG_8040.jpg?resize=436%2C290&#038;ssl=1\" alt=\"stages peinture\" width=\"436\" height=\"290\" srcset=\"https:\/\/i0.wp.com\/annicklonguetart.com\/wp-content\/uploads\/2016\/09\/MG_8040.jpg?w=1936&amp;ssl=1 1936w, https:\/\/i0.wp.com\/annicklonguetart.com\/wp-content\/uploads\/2016\/09\/MG_8040.jpg?resize=300%2C200&amp;ssl=1 300w, https:\/\/i0.wp.com\/annicklonguetart.com\/wp-content\/uploads\/2016\/09\/MG_8040.jpg?resize=768%2C511&amp;ssl=1 768w, https:\/\/i0.wp.com\/annicklonguetart.com\/wp-content\/uploads\/2016\/09\/MG_8040.jpg?resize=1024%2C681&amp;ssl=1 1024w, https:\/\/i0.wp.com\/annicklonguetart.com\/wp-content\/uploads\/2016\/09\/MG_8040.jpg?resize=700%2C466&amp;ssl=1 700w\" sizes=\"(max-width: 436px) 100vw, 436px\" data-recalc-dims=\"1\" \/><\/h4>\n<h4><\/h4>\n<h4><img loading=\"lazy\" class=\"wp-image-203 aligncenter\" src=\"https:\/\/i0.wp.com\/annicklonguetart.com\/wp-content\/uploads\/2016\/09\/stage-en-c\u00e8vennes-\u00e9t\u00e9-aquarelle.jpg?resize=560%2C420&#038;ssl=1\" alt=\"stages en c\u00e8vennes \u00e9t\u00e9 aquarelle\" width=\"560\" height=\"420\" srcset=\"https:\/\/i0.wp.com\/annicklonguetart.com\/wp-content\/uploads\/2016\/09\/stage-en-c\u00e8vennes-\u00e9t\u00e9-aquarelle.jpg?w=1188&amp;ssl=1 1188w, https:\/\/i0.wp.com\/annicklonguetart.com\/wp-content\/uploads\/2016\/09\/stage-en-c\u00e8vennes-\u00e9t\u00e9-aquarelle.jpg?resize=300%2C225&amp;ssl=1 300w, https:\/\/i0.wp.com\/annicklonguetart.com\/wp-content\/uploads\/2016\/09\/stage-en-c\u00e8vennes-\u00e9t\u00e9-aquarelle.jpg?resize=768%2C576&amp;ssl=1 768w, https:\/\/i0.wp.com\/annicklonguetart.com\/wp-content\/uploads\/2016\/09\/stage-en-c\u00e8vennes-\u00e9t\u00e9-aquarelle.jpg?resize=1024%2C768&amp;ssl=1 1024w, https:\/\/i0.wp.com\/annicklonguetart.com\/wp-content\/uploads\/2016\/09\/stage-en-c\u00e8vennes-\u00e9t\u00e9-aquarelle.jpg?resize=800%2C600&amp;ssl=1 800w, https:\/\/i0.wp.com\/annicklonguetart.com\/wp-content\/uploads\/2016\/09\/stage-en-c\u00e8vennes-\u00e9t\u00e9-aquarelle.jpg?resize=700%2C525&amp;ssl=1 700w\" sizes=\"(max-width: 560px) 100vw, 560px\" data-recalc-dims=\"1\" \/><\/h4>\n<h4><\/h4>\n<h4><\/h4>\n<h4><\/h4>\n<h4><\/h4>\n<h4><\/h4>\n<h4><\/h4>\n<h4><\/h4>\n<h4><span style=\"color: #737373;\"><!--more--><\/span><\/h4>\n<h4><\/h4>\n<p>&nbsp;<\/p>\n<h4><\/h4>\n<p>&nbsp;<\/p>\n<h4 style=\"text-align: left;\">Stage de d\u00e9couverte, stage pour les amateurs, stage aux objectifs professionnels avec la pr\u00e9paration aux concours des grandes \u00c9coles, des dossiers d\u2019arts appliqu\u00e9s pour les Beaux Arts, des formations de remise \u00e0 niveau en arts plastiques\u2026 !<\/h4>\n<h4><\/h4>\n<h4><span style=\"color: #6b6969;\"><strong>Pour plus de renseignement contacter le\u00a0<a href=\"http:\/\/0687088682\">0687088682<\/a>\u00a0<\/strong><\/span><br \/>\n<span style=\"color: #737373;\"> <\/p>\n\n\t\t<\/div>\n\t<\/div>\n<\/div><\/div><\/div><\/div><\/span><br \/>\n<span style=\"color: #737373;\"> <div    class=\"vc_row wpb_row section vc_row-fluid\" style=' text-align:left;'><div class=\" full_section_inner clearfix\"><\/div><\/div><div class=\"wpb_column vc_column_container vc_col-sm-12\"><div class=\"wpb_wrapper\"><\/div><\/div>\n\t<div class=\"wpb_text_column wpb_content_element \">\n\t\t<div class=\"wpb_wrapper\">\n\t\t\t\n\t\t<\/div>\n\t<\/div>\n <\/span><\/h4>\n<p>&nbsp;<\/p>\n","protected":false},"excerpt":{"rendered":"<p>LES STAGES DE L&rsquo;\u00c9COLE D&rsquo;ART &nbsp; Des stages vous sont propos\u00e9s par l&rsquo;\u00c9cole d&rsquo;Art tout au long de l&rsquo;ann\u00e9e. Certains en pleine nature, comme un\u00a0Stage en C\u00e9vennes\u00a0durant les vacances scolaire, ou encore,\u00a0un Stage dans Les\u00a0Alpes lors des grandes vacances d&rsquo;\u00e9t\u00e9. Enfin, des stages vous sont&#8230;<\/p>\n","protected":false},"author":1,"featured_media":0,"parent":176,"menu_order":0,"comment_status":"closed","ping_status":"closed","template":"","meta":{"_uag_custom_page_level_css":"","jetpack_post_was_ever_published":false},"yoast_head":"<!-- This site is optimized with the Yoast SEO plugin v19.13 - https:\/\/yoast.com\/wordpress\/plugins\/seo\/ -->\n<title>Stages de peinture, dessin, formation intensive, stage aquarelle montagne<\/title>\n<meta name=\"description\" content=\"Les Stages adultes prennent des formes diff\u00e9rentes: apprentissage de la technique \u00e0 l&#039;huile, du dessin acad\u00e9mique, d\u00e9velopper sa cr\u00e9ativit\u00e9 ou encore stages\" \/>\n<meta name=\"robots\" content=\"index, follow, max-snippet:-1, max-image-preview:large, max-video-preview:-1\" \/>\n<link rel=\"canonical\" href=\"https:\/\/annicklonguetart.com\/?page_id=73\" \/>\n<meta property=\"og:locale\" content=\"fr_FR\" \/>\n<meta property=\"og:type\" content=\"article\" \/>\n<meta property=\"og:title\" content=\"Stages de peinture, dessin, formation intensive, stage aquarelle montagne\" \/>\n<meta property=\"og:description\" content=\"Les Stages adultes prennent des formes diff\u00e9rentes: apprentissage de la technique \u00e0 l&#039;huile, du dessin acad\u00e9mique, d\u00e9velopper sa cr\u00e9ativit\u00e9 ou encore stages\" \/>\n<meta property=\"og:url\" content=\"https:\/\/annicklonguetart.com\/?page_id=73\" \/>\n<meta property=\"og:site_name\" content=\"Le Regard, \u00e9cole de dessin et peinture\" \/>\n<meta property=\"article:modified_time\" content=\"2022-01-27T13:33:24+00:00\" \/>\n<meta property=\"og:image\" content=\"http:\/\/annicklonguetart.com\/wp-content\/uploads\/2016\/09\/MG_8040.jpg\" \/>\n<meta name=\"twitter:card\" content=\"summary_large_image\" \/>\n<meta name=\"twitter:label1\" content=\"Dur\u00e9e de lecture estim\u00e9e\" \/>\n\t<meta name=\"twitter:data1\" content=\"2 minutes\" \/>\n<script type=\"application\/ld+json\" class=\"yoast-schema-graph\">{\"@context\":\"https:\/\/schema.org\",\"@graph\":[{\"@type\":\"WebPage\",\"@id\":\"https:\/\/annicklonguetart.com\/?page_id=73\",\"url\":\"https:\/\/annicklonguetart.com\/?page_id=73\",\"name\":\"Stages de peinture, dessin, formation intensive, stage aquarelle montagne\",\"isPartOf\":{\"@id\":\"https:\/\/annicklonguetart.com\/#website\"},\"datePublished\":\"2016-06-16T14:51:41+00:00\",\"dateModified\":\"2022-01-27T13:33:24+00:00\",\"description\":\"Les Stages adultes prennent des formes diff\u00e9rentes: apprentissage de la technique \u00e0 l'huile, du dessin acad\u00e9mique, d\u00e9velopper sa cr\u00e9ativit\u00e9 ou encore stages\",\"breadcrumb\":{\"@id\":\"https:\/\/annicklonguetart.com\/?page_id=73#breadcrumb\"},\"inLanguage\":\"fr-FR\",\"potentialAction\":[{\"@type\":\"ReadAction\",\"target\":[\"https:\/\/annicklonguetart.com\/?page_id=73\"]}]},{\"@type\":\"BreadcrumbList\",\"@id\":\"https:\/\/annicklonguetart.com\/?page_id=73#breadcrumb\",\"itemListElement\":[{\"@type\":\"ListItem\",\"position\":1,\"name\":\"Accueil\",\"item\":\"https:\/\/annicklonguetart.com\/\"},{\"@type\":\"ListItem\",\"position\":2,\"name\":\"Stage en C\u00e9vennes\",\"item\":\"https:\/\/annicklonguetart.com\/?page_id=176\"},{\"@type\":\"ListItem\",\"position\":3,\"name\":\"Stages\"}]},{\"@type\":\"WebSite\",\"@id\":\"https:\/\/annicklonguetart.com\/#website\",\"url\":\"https:\/\/annicklonguetart.com\/\",\"name\":\"Le Regard, \u00e9cole de dessin et peinture\",\"description\":\"Le Regard, \u00e9cole d&#039;art \u00e0 N\u00eemes, peinture, dessin, travaux cr\u00e9atifs\",\"publisher\":{\"@id\":\"https:\/\/annicklonguetart.com\/#organization\"},\"potentialAction\":[{\"@type\":\"SearchAction\",\"target\":{\"@type\":\"EntryPoint\",\"urlTemplate\":\"https:\/\/annicklonguetart.com\/?s={search_term_string}\"},\"query-input\":\"required name=search_term_string\"}],\"inLanguage\":\"fr-FR\"},{\"@type\":\"Organization\",\"@id\":\"https:\/\/annicklonguetart.com\/#organization\",\"name\":\"Le Regard\",\"url\":\"https:\/\/annicklonguetart.com\/\",\"logo\":{\"@type\":\"ImageObject\",\"inLanguage\":\"fr-FR\",\"@id\":\"https:\/\/annicklonguetart.com\/#\/schema\/logo\/image\/\",\"url\":\"https:\/\/i0.wp.com\/annicklonguetart.com\/wp-content\/uploads\/2016\/04\/logo.png?fit=250%2C54&ssl=1\",\"contentUrl\":\"https:\/\/i0.wp.com\/annicklonguetart.com\/wp-content\/uploads\/2016\/04\/logo.png?fit=250%2C54&ssl=1\",\"width\":250,\"height\":54,\"caption\":\"Le Regard\"},\"image\":{\"@id\":\"https:\/\/annicklonguetart.com\/#\/schema\/logo\/image\/\"}}]}<\/script>\n<!-- \/ Yoast SEO plugin. -->","yoast_head_json":{"title":"Stages de peinture, dessin, formation intensive, stage aquarelle montagne","description":"Les Stages adultes prennent des formes diff\u00e9rentes: apprentissage de la technique \u00e0 l'huile, du dessin acad\u00e9mique, d\u00e9velopper sa cr\u00e9ativit\u00e9 ou encore stages","robots":{"index":"index","follow":"follow","max-snippet":"max-snippet:-1","max-image-preview":"max-image-preview:large","max-video-preview":"max-video-preview:-1"},"canonical":"https:\/\/annicklonguetart.com\/?page_id=73","og_locale":"fr_FR","og_type":"article","og_title":"Stages de peinture, dessin, formation intensive, stage aquarelle montagne","og_description":"Les Stages adultes prennent des formes diff\u00e9rentes: apprentissage de la technique \u00e0 l'huile, du dessin acad\u00e9mique, d\u00e9velopper sa cr\u00e9ativit\u00e9 ou encore stages","og_url":"https:\/\/annicklonguetart.com\/?page_id=73","og_site_name":"Le Regard, \u00e9cole de dessin et peinture","article_modified_time":"2022-01-27T13:33:24+00:00","og_image":[{"url":"http:\/\/annicklonguetart.com\/wp-content\/uploads\/2016\/09\/MG_8040.jpg"}],"twitter_card":"summary_large_image","twitter_misc":{"Dur\u00e9e de lecture estim\u00e9e":"2 minutes"},"schema":{"@context":"https:\/\/schema.org","@graph":[{"@type":"WebPage","@id":"https:\/\/annicklonguetart.com\/?page_id=73","url":"https:\/\/annicklonguetart.com\/?page_id=73","name":"Stages de peinture, dessin, formation intensive, stage aquarelle montagne","isPartOf":{"@id":"https:\/\/annicklonguetart.com\/#website"},"datePublished":"2016-06-16T14:51:41+00:00","dateModified":"2022-01-27T13:33:24+00:00","description":"Les Stages adultes prennent des formes diff\u00e9rentes: apprentissage de la technique \u00e0 l'huile, du dessin acad\u00e9mique, d\u00e9velopper sa cr\u00e9ativit\u00e9 ou encore stages","breadcrumb":{"@id":"https:\/\/annicklonguetart.com\/?page_id=73#breadcrumb"},"inLanguage":"fr-FR","potentialAction":[{"@type":"ReadAction","target":["https:\/\/annicklonguetart.com\/?page_id=73"]}]},{"@type":"BreadcrumbList","@id":"https:\/\/annicklonguetart.com\/?page_id=73#breadcrumb","itemListElement":[{"@type":"ListItem","position":1,"name":"Accueil","item":"https:\/\/annicklonguetart.com\/"},{"@type":"ListItem","position":2,"name":"Stage en C\u00e9vennes","item":"https:\/\/annicklonguetart.com\/?page_id=176"},{"@type":"ListItem","position":3,"name":"Stages"}]},{"@type":"WebSite","@id":"https:\/\/annicklonguetart.com\/#website","url":"https:\/\/annicklonguetart.com\/","name":"Le Regard, \u00e9cole de dessin et peinture","description":"Le Regard, \u00e9cole d&#039;art \u00e0 N\u00eemes, peinture, dessin, travaux cr\u00e9atifs","publisher":{"@id":"https:\/\/annicklonguetart.com\/#organization"},"potentialAction":[{"@type":"SearchAction","target":{"@type":"EntryPoint","urlTemplate":"https:\/\/annicklonguetart.com\/?s={search_term_string}"},"query-input":"required name=search_term_string"}],"inLanguage":"fr-FR"},{"@type":"Organization","@id":"https:\/\/annicklonguetart.com\/#organization","name":"Le Regard","url":"https:\/\/annicklonguetart.com\/","logo":{"@type":"ImageObject","inLanguage":"fr-FR","@id":"https:\/\/annicklonguetart.com\/#\/schema\/logo\/image\/","url":"https:\/\/i0.wp.com\/annicklonguetart.com\/wp-content\/uploads\/2016\/04\/logo.png?fit=250%2C54&ssl=1","contentUrl":"https:\/\/i0.wp.com\/annicklonguetart.com\/wp-content\/uploads\/2016\/04\/logo.png?fit=250%2C54&ssl=1","width":250,"height":54,"caption":"Le Regard"},"image":{"@id":"https:\/\/annicklonguetart.com\/#\/schema\/logo\/image\/"}}]}},"uagb_featured_image_src":{"full":false,"thumbnail":false,"medium":false,"medium_large":false,"large":false,"1536x1536":false,"2048x2048":false,"portfolio-square":false,"portfolio-portrait":false,"portfolio-landscape":false,"menu-featured-post":false,"supra-carousel_slider":false,"portfolio_slider":false,"portfolio_masonry_regular":false,"portfolio_masonry_wide":false,"portfolio_masonry_tall":false,"portfolio_masonry_large":false,"portfolio_masonry_with_space":false,"latest_post_boxes":false},"uagb_author_info":{"display_name":"admin1268","author_link":"https:\/\/annicklonguetart.com\/?author=1"},"uagb_comment_info":0,"uagb_excerpt":"LES STAGES DE L&rsquo;\u00c9COLE D&rsquo;ART &nbsp; Des stages vous sont propos\u00e9s par l&rsquo;\u00c9cole d&rsquo;Art tout au long de l&rsquo;ann\u00e9e. Certains en pleine nature, comme un\u00a0Stage en C\u00e9vennes\u00a0durant les vacances scolaire, ou encore,\u00a0un Stage dans Les\u00a0Alpes lors des grandes vacances d&rsquo;\u00e9t\u00e9. Enfin, des stages vous sont...","jetpack_sharing_enabled":true,"jetpack_shortlink":"https:\/\/wp.me\/Pab7YV-1b","_links":{"self":[{"href":"https:\/\/annicklonguetart.com\/index.php?rest_route=\/wp\/v2\/pages\/73"}],"collection":[{"href":"https:\/\/annicklonguetart.com\/index.php?rest_route=\/wp\/v2\/pages"}],"about":[{"href":"https:\/\/annicklonguetart.com\/index.php?rest_route=\/wp\/v2\/types\/page"}],"author":[{"embeddable":true,"href":"https:\/\/annicklonguetart.com\/index.php?rest_route=\/wp\/v2\/users\/1"}],"replies":[{"embeddable":true,"href":"https:\/\/annicklonguetart.com\/index.php?rest_route=%2Fwp%2Fv2%2Fcomments&post=73"}],"version-history":[{"count":30,"href":"https:\/\/annicklonguetart.com\/index.php?rest_route=\/wp\/v2\/pages\/73\/revisions"}],"predecessor-version":[{"id":877,"href":"https:\/\/annicklonguetart.com\/index.php?rest_route=\/wp\/v2\/pages\/73\/revisions\/877"}],"up":[{"embeddable":true,"href":"https:\/\/annicklonguetart.com\/index.php?rest_route=\/wp\/v2\/pages\/176"}],"wp:attachment":[{"href":"https:\/\/annicklonguetart.com\/index.php?rest_route=%2Fwp%2Fv2%2Fmedia&parent=73"}],"curies":[{"name":"wp","href":"https:\/\/api.w.org\/{rel}","templated":true}]}}